 when t is divided by i?
9
What is the remainder when 249 is divided by 358/716*(147 + 1 + 2)?
24
Let d(x) = -6*x - 64. Let r be d(-11). Suppose -2*k = -8 - r, 3*k + 146 = m. Calculate the remainder when m is divided by 40.
1
Let m = -9906 - -10036. What is the remainder when 2341 is divided by m?
1
Suppose -10 = 10*g, -117*t - 2*g = -119*t + 132. What is the remainder when 395 is divided by t?
5
Suppose -k = i - 0 - 13 - 3, -7*i = 0. What is the remainder when 4907 is divided by k?
11
Let o(u) = -u**3 + 30*u**2 - 19*u - 65. Let q be o(29). Suppose 0 = 11*f - 17 - q. Suppose -2*y - 3 = -27. What is the remainder when f is divided by y?
10
Let p(w) = w**3 - 11*w**2 + 20*w + 2. Let q be p(9). Let k(u) = 11*u - 2. Calculate the remainder when (-1 - -3) + 548*5/q is divided by k(2).
19
Suppose 73199*c + 132 = 73203*c. What is the remainder when 256 is divided by c?
25
Suppose 23*k + 52*k - 393 - 57 = 0. What is the remainder when 2836 is divided by k?
4
Suppose -3*i = s + 3, 4*s - 2*i - i = 33. Let y be (33 - 35)*6*(-14)/8. Suppose -6*l - y = -105. What is the remainder when l is divided by s?
2
Suppose f = p - 2549, 0 = 160*p - 161*p - 4*f + 2574. Calculate the remainder when p is divided by 318.
10
Let k = 13494 + -13256. What is the remainder when k is divided by 64?
46
Suppose -4*r + 0*s + 46 = -2*s, -r + 22 = -4*s. Let p be (16/(-4))/(5/(r/4)). What is the remainder when 154*(-4)/(-16) + (-3)/p is divided by 6?
4
Let j = 3 + -9. Let i = j - -8. Suppose -88 = -5*o + 4*c, -4*o - i*c + 71 = -5*c. What is the remainder when 77 is divided by o?
17
Suppose -3*n = 4*b - 0*n + 26, -5*b - 5*n - 30 = 0. Let r be 358/b - 2/8. What is the remainder when (r/(-2))/((-6)/(-24)) is divided by 46?
44
Let w = 77879 + -77834. Suppose 2*t - y - 343 = 0, 4*t + 2*y - 3*y = 683. What is the remainder when t is divided by w?
35
Let v(r) = 2*r**3 + 4*r**2 + 5*r. Suppose -99 = -5*m - 3*c, m + m - 39 = -c. Calculate the remainder when v(3) is divided by m.
15
Suppose 405 = 3*r - 957. Suppose 50*w - 51*w = -r. Calculate the remainder when w is divided by 35.
34
Suppose 0 = 3*k - 43 - 26. Let w(b) = -b**2 + 16*b - 16. Let h be w(-8). Let p = -196 - h. What is the remainder when k is divided by p?
11
Suppose -3*h = -0*y - 5*y + 68, h = y - 22. Suppose 23 + 87 = 5*w. Calculate the remainder when w is divided by 14/(-1)*18/h.
10
Let v(d) = -25*d - 20. Let f(z) = 8*z + 7. Let l(r) = -17*f(r) - 6*v(r). Let n be l(-2). Let u = n + 52. Calculate the remainder when 74 is divided by u.
24
Suppose 9 = -p - 67. Let c = 124 + p. Suppose -4*v + 5*j = -96 + 38, -5*j + 10 = 0. Calculate the remainder when c is divided by v.
14
Let o be ((-91)/21 + 5)*-18. Calculate the remainder when 114 is divided by o/14 - 1368/(-28).
18
Suppose -47*p + 43*p + 3*l + 154 = 0, p = -3*l + 16. Calculate the remainder when 101 is divided by p.
33
What is the remainder when 4405 is divided by (-24)/(-21) + (-23316)/(-203)?
113
Suppose 3*c - 30*c + 280 + 3446 = 0. Calculate the remainder when c is divided by 119.
19
Suppose -180*b + 10348 = -9544 + 5672. What is the remainder when 173 is divided by b?
15
Suppose -i - 2*b = 2*b - 193, 0 = -5*i + 5*b + 915. Suppose -16*q - q = 1853. Let d = i + q. What is the remainder when d is divided by 8?
4
Let g = -121 + 98. Let z = g + 40. Calculate the remainder when 63 is divided by z.
12
Suppose 39*t - 37*t = -286. Let o = -61 - t. Calculate the remainder when o is divided by 22.
16
Let i be (-2)/3 + 28/6. Suppose 4*o + 4*h = 108, -5*o - i*h + 5*h = -129. What is the remainder when ((-1717)/(-68))/(27/12 + -2) is divided by o?
23
Suppose 0 = 41*u - 684 - 300. Let m(h) = 2*h**2 - 2*h - 19. Calculate the remainder when m(-7) is divided by u.
21
Let z = -8934 + 14525. What is the remainder when z is divided by 119?
117
What is the remainder when (-7384)/6*12*8/(-64) is divided by 11?
9
Let q = 74 + -37. Let o = 20 - 4. Suppose o*a - 71 = 9. Calculate the remainder when q is divided by a.
2
Suppose 2215 = 43*c - 3762. What is the remainder when 684 is divided by c?
128
Let m(z) = 2*z**3 + z + 8. Suppose 3*j - 11 = -4*r + 15, 20 = 2*j + 2*r. Let c be (-4)/j - 8/(-28). Calculate the remainder when 29 is divided by m(c).
5
Let b(l) be the first derivative of -3*l**4/4 - l**3 + 13*l**2/2 - 10*l + 118. What is the remainder when b(-6) is divided by 19?
15
Let l(v) = 13*v**3 + 98*v**2 - 59*v - 9. Calculate the remainder when 976 is divided by l(-8).
28
Let g(b) = -9*b - 9. Let l be g(-21). Let q = l + -170. Calculate the remainder when 157 is divided by q.
7
Let f = -94 + 98. Suppose 0 = 2*q + 4*o - 7*o - 48, 0 = f*o + 8. Let i = 35 - q. What is the remainder when 82 is divided by i?
12
Suppose b - 151 + 41 = -3*w, -8 = 4*w. Let n = -27 - -40. Calculate the remainder when b is divided by n.
12
Let q = 494 + -481. Suppose -14*n + q*n + 20 = 0. Calculate the remainder when n is divided by 20.
0
What is the remainder when (-168)/(-147) + -7 + (-752880)/(-35) is divided by 19?
16
Suppose -5*r = 7*r - 7440 + 2856. Calculate the remainder when r is divided by 64.
62
What is the remainder when ((-160322)/(-24) - -7) + -2 + (-230)/(-120) is divided by 14?
9
Suppose -5*l - 3*y = -l - 42, -5*y + 10 = 0. Calculate the remainder when 476 is divided by l.
8
Suppose p = 4*a - 272, -2*p - 2*p - 5*a - 1067 = 0. Let h = p + 367. What is the remainder when h is divided by 25?
24
Suppose 43*i + 600278 = 234*i - 16461. What is the remainder when i is divided by 17?
16
Suppose -2*y + 44 = 2*b + y, b - 3*y - 13 = 0. Suppose -h + 75 = -37. What is the remainder when h is divided by b?
17
Let c = -12863 + 12910. Calculate the remainder when 120 is divided by c.
26
Suppose 1062 = 25*p - 138. Calculate the remainder when 299 is divided by p.
11
Suppose f = -j + 9, -2*j = 2*f - j - 21. Suppose 0 = -15*o + f*o + 54. Suppose 19 = 10*x - 91. What is the remainder when o is divided by x?
7
Let g(k) = 34*k**3 + 3*k**2 - 2*k + 1. Let l be g(1). Let d = l + -28. Suppose 0 = h - 3*h + d. Calculate the remainder when 22 is divided by h.
2
Let i(w) = -4*w**2 + 7*w - 70. Let n be i(-14). What is the remainder when (-15)/3 + n/(-4) is divided by 61?
50
Suppose 0*m + 4*m - 24 = 0. Suppose -4540 = -m*u - 1498. Suppose -2*x + u = 3*n - 0*x, 5*x = -n + 182. Calculate the remainder when n is divided by 24.
23
Suppose 0 = -254*k + 466*k - 232*k + 47840. Calculate the remainder when k is divided by 170.
12
Calculate the remainder when (-13 - 630/(-50)) + (-224)/(-10) is divided by 4.
2
Let d be (-3)/(6/(-10)) - 275/55. Suppose d = -4*i + 5*m + 509, 0 = -2*i + 7*i - 2*m - 632. Calculate the remainder when i is divided by 16.
14
Let w = -349 - -352. Let o(l) = l**3 - 6*l**2 - 11*l - 2. Let r be o(8). Suppose 5*p - r = 47. What is the remainder when p is divided by w?
2
Let u(w) = w**2 + 4*w - 234. Let r be u(0). Calculate the remainder when 12 - r - (1 + -4) is divided by 10.
9
Suppose -2*g = -u - 13, -4*g - 242*u = -237*u - 47. Let v(a) = -3*a**3 - 5*a**2 - 2*a + 1. What is the remainder when v(-5) is divided by g?
5
Let b be -10 - ((-6)/(-18))/((-2)/12). Calculate the remainder when (4/b)/((-1)/(-158)*-1) is divided by 9.
7
Let q = -374 + 194. Let t = q - -192. What is the remainder when 53 is divided by t?
5
Let b(k) = k**3 - 2 + 11 - 4*k + 1 - 2*k**2. Calculate the remainder when 15 is divided by b(0).
5
What is the remainder when 501 is divided by 704/40*(-1)/((-36)/495)?
17
Let g = 52 + -48. Suppose -g*q - v + 104 = v, v - 106 = -4*q. Calculate the remainder when q is divided by 19.
8
Suppose -1 = 5*o + 19, 5*o + 1820 = -5*b. Calculate the remainder when ((-216)/b)/(2*(-2)/(-240)) is divided by 21.
15
Suppose -4*x - 2*y + 1193 + 641 = 0, -2*x + y + 923 = 0. Let g(p) = -21*p - 2. What is the remainder when x/(-6)*(-21)/14 is divided by g(-2)?
35
Let x(a) = 3*a + 4*a - 4*a**2 - 2 + 3*a**2. Let n be x(6). Suppose -451 = -n*z + z + 2*r, 15 = -3*r. What is the remainder when z is divided by 37?
36
Calculate the remainder when -4*(-35)/(-20) - (-345 - 2) is divided by 92.
64
Let z = 5 - 50. Let c be (-1470)/z - 4/(-3). Suppose -5*n + 85 = -3*w, n = -n - 3*w + c. Calculate the remainder when 99 is divided by n.
14
Let b = 8822 - 8621. What is the remainder when 2207 is divided by b?
197
Let l = 140 - 129. Suppose -2*m +